{"id":421,"date":"2016-05-23T16:48:35","date_gmt":"2016-05-23T16:48:35","guid":{"rendered":"http:\/\/demo.themefreesia.com\/pixgraphy\/?page_id=421"},"modified":"2025-03-29T22:24:51","modified_gmt":"2025-03-29T13:24:51","slug":"about","status":"publish","type":"page","link":"https:\/\/archibaldesign.com\/testsite\/about\/","title":{"rendered":"About Us"},"content":{"rendered":"\n<div style=\"height:100px\" aria-hidden=\"true\" class=\"wp-block-spacer\"><\/div>\n\n\n\n<h2 class=\"wp-block-heading\">P\u00e9ntek B\u00e1lint<\/h2>\n\n\n\n<figure class=\"wp-block-image alignfull size-large\"><img fetchpriority=\"high\" decoding=\"async\" width=\"1024\" height=\"576\" src=\"http:\/\/archibaldesign.com\/testsite\/wp-content\/uploads\/2025\/03\/Szigetbecse5-1024x576.jpg\" alt=\"\" class=\"wp-image-520\" srcset=\"https:\/\/archibaldesign.com\/testsite\/wp-content\/uploads\/2025\/03\/Szigetbecse5-1024x576.jpg 1024w, https:\/\/archibaldesign.com\/testsite\/wp-content\/uploads\/2025\/03\/Szigetbecse5-300x169.jpg 300w, https:\/\/archibaldesign.com\/testsite\/wp-content\/uploads\/2025\/03\/Szigetbecse5-768x432.jpg 768w, https:\/\/archibaldesign.com\/testsite\/wp-content\/uploads\/2025\/03\/Szigetbecse5-1536x864.jpg 1536w, https:\/\/archibaldesign.com\/testsite\/wp-content\/uploads\/2025\/03\/Szigetbecse5.jpg 1920w\" sizes=\"(max-width: 1024px) 100vw, 1024px\" \/><\/figure>\n\n\n\n<div style=\"height:100px\" aria-hidden=\"true\" class=\"wp-block-spacer\"><\/div>\n\n\n\n<p class=\"has-normal-font-size\">2018-ban v\u00e9geztem a Budapesti M\u0171szaki \u00e9s Gazdas\u00e1gtudom\u00e1nyi Egyetem \u00e9p\u00edt\u00e9sz kar\u00e1n.<\/p>\n\n\n\n<p class=\"has-normal-font-size\">Az\u00f3ta sz\u00e1mos lak\u00f3\u00e9p\u00fclet \u00e9s k\u00f6z\u00e9p\u00fclet tervez\u00e9s\u00e9ben vettem r\u00e9szt. V\u00e1llalom:<\/p>\n\n\n\n<ul class=\"wp-block-list\">\n<li class=\"has-normal-font-size\">\u00c1lomotthonok tervez\u00e9se \u00e9s enged\u00e9lyeztet\u00e9se &#8211; R\u00e9szletes m\u0171szaki rajzok<\/li>\n<\/ul>\n\n\n\n<p class=\"has-normal-font-size\">(kiviteli tervek) elk\u00e9sz\u00edt\u00e9se &#8211; Kivitelez\u0151k aj\u00e1nl\u00e1sa<\/p>\n","protected":false},"excerpt":{"rendered":"<p> <span class=\"read-more\"><a class=\"more-link btn btn-transparent\" href=\"https:\/\/archibaldesign.com\/testsite\/about\/\">Read More<\/a><\/span><\/p>\n","protected":false},"author":1,"featured_media":0,"parent":0,"menu_order":0,"comment_status":"closed","ping_status":"closed","template":"","meta":{"footnotes":""},"class_list":["post-421","page","type-page","status-publish","hentry"],"jetpack_sharing_enabled":true,"_links":{"self":[{"href":"https:\/\/archibaldesign.com\/testsite\/wp-json\/wp\/v2\/pages\/421","targetHints":{"allow":["GET"]}}],"collection":[{"href":"https:\/\/archibaldesign.com\/testsite\/wp-json\/wp\/v2\/pages"}],"about":[{"href":"https:\/\/archibaldesign.com\/testsite\/wp-json\/wp\/v2\/types\/page"}],"author":[{"embeddable":true,"href":"https:\/\/archibaldesign.com\/testsite\/wp-json\/wp\/v2\/users\/1"}],"replies":[{"embeddable":true,"href":"https:\/\/archibaldesign.com\/testsite\/wp-json\/wp\/v2\/comments?post=421"}],"version-history":[{"count":2,"href":"https:\/\/archibaldesign.com\/testsite\/wp-json\/wp\/v2\/pages\/421\/revisions"}],"predecessor-version":[{"id":552,"href":"https:\/\/archibaldesign.com\/testsite\/wp-json\/wp\/v2\/pages\/421\/revisions\/552"}],"wp:attachment":[{"href":"https:\/\/archibaldesign.com\/testsite\/wp-json\/wp\/v2\/media?parent=421"}],"curies":[{"name":"wp","href":"https:\/\/api.w.org\/{rel}","templated":true}]}}

<div style="height:100px" aria-hidden="true" class="wp-block-spacer"></div>



<h2 class="wp-block-heading">Péntek Bálint</h2>



<figure class="wp-block-image alignfull size-large"><img fetchpriority="high" decoding="async" width="1024" height="576" src="http://archibaldesign.com/testsite/wp-content/uploads/2025/03/Szigetbecse5-1024x576.jpg" alt="" class="wp-image-520" srcset="https://archibaldesign.com/testsite/wp-content/uploads/2025/03/Szigetbecse5-1024x576.jpg 1024w, https://archibaldesign.com/testsite/wp-content/uploads/2025/03/Szigetbecse5-300x169.jpg 300w, https://archibaldesign.com/testsite/wp-content/uploads/2025/03/Szigetbecse5-768x432.jpg 768w, https://archibaldesign.com/testsite/wp-content/uploads/2025/03/Szigetbecse5-1536x864.jpg 1536w, https://archibaldesign.com/testsite/wp-content/uploads/2025/03/Szigetbecse5.jpg 1920w" sizes="(max-width: 1024px) 100vw, 1024px" /></figure>



<div style="height:100px" aria-hidden="true" class="wp-block-spacer"></div>



<p class="has-normal-font-size">2018-ban végeztem a Budapesti Műszaki és Gazdaságtudományi Egyetem építész karán.</p>



<p class="has-normal-font-size">Azóta számos lakóépület és középület tervezésében vettem részt. Vállalom:</p>



<ul class="wp-block-list">
<li class="has-normal-font-size">Álomotthonok tervezése és engedélyeztetése &#8211; Részletes műszaki rajzok</li>
</ul>



<p class="has-normal-font-size">(kiviteli tervek) elkészítése &#8211; Kivitelezők ajánlása</p>
