{"id":106,"date":"2016-04-13T03:45:37","date_gmt":"2016-04-13T03:45:37","guid":{"rendered":"http:\/\/localhost\/wordpress\/pixgraphy\/?page_id=106"},"modified":"2025-04-26T20:40:47","modified_gmt":"2025-04-26T11:40:47","slug":"gallery","status":"publish","type":"page","link":"https:\/\/archibaldesign.com\/testsite\/gallery\/","title":{"rendered":"Gallery"},"content":{"rendered":"\n<figure class=\"wp-block-gallery alignfull has-nested-images columns-2 is-cropped wp-block-gallery-1 is-layout-flex wp-block-gallery-is-layout-flex\">\n<figure class=\"wp-block-image size-full\"><a href=\"https:\/\/archibaldesign.com\/testsite\/2025\/04\/07\/szolad\/\" target=\"_blank\" rel=\"noopener\"><img fetchpriority=\"high\" decoding=\"async\" width=\"1920\" height=\"1080\" data-id=\"603\" src=\"https:\/\/archibaldesign.com\/testsite\/wp-content\/uploads\/2025\/03\/Latvany_3_2-1.jpg\" alt=\"\" class=\"wp-image-603\" srcset=\"https:\/\/archibaldesign.com\/testsite\/wp-content\/uploads\/2025\/03\/Latvany_3_2-1.jpg 1920w, https:\/\/archibaldesign.com\/testsite\/wp-content\/uploads\/2025\/03\/Latvany_3_2-1-300x169.jpg 300w, https:\/\/archibaldesign.com\/testsite\/wp-content\/uploads\/2025\/03\/Latvany_3_2-1-1024x576.jpg 1024w, https:\/\/archibaldesign.com\/testsite\/wp-content\/uploads\/2025\/03\/Latvany_3_2-1-768x432.jpg 768w, https:\/\/archibaldesign.com\/testsite\/wp-content\/uploads\/2025\/03\/Latvany_3_2-1-1536x864.jpg 1536w\" sizes=\"(max-width: 1920px) 100vw, 1920px\" \/><\/a><figcaption class=\"wp-element-caption\"><strong><a href=\"https:\/\/archibaldesign.com\/testsite\/2025\/04\/07\/szolad\/\" target=\"_blank\" rel=\"noreferrer noopener\">Sz\u00f3l\u00e1d<\/a><\/strong><\/figcaption><\/figure>\n\n\n\n<figure class=\"wp-block-image size-full\"><a href=\"https:\/\/archibaldesign.com\/testsite\/2025\/04\/07\/martonvasar\/\" target=\"_blank\" rel=\" noreferrer noopener\"><img decoding=\"async\" width=\"1920\" height=\"1080\" data-id=\"539\" src=\"http:\/\/archibaldesign.com\/testsite\/wp-content\/uploads\/2025\/03\/Utcakep.jpg\" alt=\"\" class=\"wp-image-539\" srcset=\"https:\/\/archibaldesign.com\/testsite\/wp-content\/uploads\/2025\/03\/Utcakep.jpg 1920w, https:\/\/archibaldesign.com\/testsite\/wp-content\/uploads\/2025\/03\/Utcakep-300x169.jpg 300w, https:\/\/archibaldesign.com\/testsite\/wp-content\/uploads\/2025\/03\/Utcakep-1024x576.jpg 1024w, https:\/\/archibaldesign.com\/testsite\/wp-content\/uploads\/2025\/03\/Utcakep-768x432.jpg 768w, https:\/\/archibaldesign.com\/testsite\/wp-content\/uploads\/2025\/03\/Utcakep-1536x864.jpg 1536w\" sizes=\"(max-width: 1920px) 100vw, 1920px\" \/><\/a><figcaption class=\"wp-element-caption\"><strong><a href=\"https:\/\/archibaldesign.com\/testsite\/2025\/04\/07\/martonvasar\/\" target=\"_blank\" rel=\"noreferrer noopener\">Martonv\u00e1s\u00e1r<\/a><\/strong><\/figcaption><\/figure>\n\n\n\n<figure class=\"wp-block-image size-full\"><a href=\"https:\/\/archibaldesign.com\/testsite\/2025\/04\/07\/turistaut\/\" target=\"_blank\" rel=\" noreferrer noopener\"><img decoding=\"async\" width=\"1920\" height=\"1080\" data-id=\"532\" src=\"http:\/\/archibaldesign.com\/testsite\/wp-content\/uploads\/2025\/03\/turistaut1.jpg\" alt=\"\" class=\"wp-image-532\" srcset=\"https:\/\/archibaldesign.com\/testsite\/wp-content\/uploads\/2025\/03\/turistaut1.jpg 1920w, https:\/\/archibaldesign.com\/testsite\/wp-content\/uploads\/2025\/03\/turistaut1-300x169.jpg 300w, https:\/\/archibaldesign.com\/testsite\/wp-content\/uploads\/2025\/03\/turistaut1-1024x576.jpg 1024w, https:\/\/archibaldesign.com\/testsite\/wp-content\/uploads\/2025\/03\/turistaut1-768x432.jpg 768w, https:\/\/archibaldesign.com\/testsite\/wp-content\/uploads\/2025\/03\/turistaut1-1536x864.jpg 1536w\" sizes=\"(max-width: 1920px) 100vw, 1920px\" \/><\/a><figcaption class=\"wp-element-caption\"><strong><a href=\"https:\/\/archibaldesign.com\/testsite\/2025\/04\/07\/turistaut\/\" target=\"_blank\" rel=\"noreferrer noopener\">Turista \u00fat<\/a><\/strong><\/figcaption><\/figure>\n\n\n\n<figure class=\"wp-block-image size-full\"><a href=\"https:\/\/archibaldesign.com\/testsite\/2025\/04\/07\/szigetbecse\/\" target=\"_blank\" rel=\" noreferrer noopener\"><img loading=\"lazy\" decoding=\"async\" width=\"1920\" height=\"1080\" data-id=\"520\" src=\"http:\/\/archibaldesign.com\/testsite\/wp-content\/uploads\/2025\/03\/Szigetbecse5.jpg\" alt=\"\" class=\"wp-image-520\" srcset=\"https:\/\/archibaldesign.com\/testsite\/wp-content\/uploads\/2025\/03\/Szigetbecse5.jpg 1920w, https:\/\/archibaldesign.com\/testsite\/wp-content\/uploads\/2025\/03\/Szigetbecse5-300x169.jpg 300w, https:\/\/archibaldesign.com\/testsite\/wp-content\/uploads\/2025\/03\/Szigetbecse5-1024x576.jpg 1024w, https:\/\/archibaldesign.com\/testsite\/wp-content\/uploads\/2025\/03\/Szigetbecse5-768x432.jpg 768w, https:\/\/archibaldesign.com\/testsite\/wp-content\/uploads\/2025\/03\/Szigetbecse5-1536x864.jpg 1536w\" sizes=\"(max-width: 1920px) 100vw, 1920px\" \/><\/a><figcaption class=\"wp-element-caption\"><strong><a href=\"https:\/\/archibaldesign.com\/testsite\/2025\/04\/07\/szigetbecse\/\" target=\"_blank\" rel=\"noreferrer noopener\">Szigetbecse<\/a><\/strong><\/figcaption><\/figure>\n\n\n\n<figure class=\"wp-block-image size-full\"><a href=\"https:\/\/archibaldesign.com\/testsite\/2025\/04\/07\/kiskore\/\" target=\"_blank\" rel=\" noreferrer noopener\"><img loading=\"lazy\" decoding=\"async\" width=\"1920\" height=\"1080\" data-id=\"514\" src=\"http:\/\/archibaldesign.com\/testsite\/wp-content\/uploads\/2025\/03\/Szigetbecse-udulo-bovites1.jpg\" alt=\"\" class=\"wp-image-514\" srcset=\"https:\/\/archibaldesign.com\/testsite\/wp-content\/uploads\/2025\/03\/Szigetbecse-udulo-bovites1.jpg 1920w, https:\/\/archibaldesign.com\/testsite\/wp-content\/uploads\/2025\/03\/Szigetbecse-udulo-bovites1-300x169.jpg 300w, https:\/\/archibaldesign.com\/testsite\/wp-content\/uploads\/2025\/03\/Szigetbecse-udulo-bovites1-1024x576.jpg 1024w, https:\/\/archibaldesign.com\/testsite\/wp-content\/uploads\/2025\/03\/Szigetbecse-udulo-bovites1-768x432.jpg 768w, https:\/\/archibaldesign.com\/testsite\/wp-content\/uploads\/2025\/03\/Szigetbecse-udulo-bovites1-1536x864.jpg 1536w\" sizes=\"(max-width: 1920px) 100vw, 1920px\" \/><\/a><figcaption class=\"wp-element-caption\"><strong><a href=\"https:\/\/archibaldesign.com\/testsite\/2025\/04\/07\/kiskore\/\">Kisk\u00f6re<\/a><\/strong><\/figcaption><\/figure>\n\n\n\n<figure class=\"wp-block-image size-full\"><a href=\"https:\/\/archibaldesign.com\/testsite\/2025\/04\/07\/telki\/\" target=\"_blank\" rel=\" noreferrer noopener\"><img loading=\"lazy\" decoding=\"async\" width=\"1920\" height=\"1080\" data-id=\"523\" src=\"http:\/\/archibaldesign.com\/testsite\/wp-content\/uploads\/2025\/03\/Telki.jpg\" alt=\"\" class=\"wp-image-523\" srcset=\"https:\/\/archibaldesign.com\/testsite\/wp-content\/uploads\/2025\/03\/Telki.jpg 1920w, https:\/\/archibaldesign.com\/testsite\/wp-content\/uploads\/2025\/03\/Telki-300x169.jpg 300w, https:\/\/archibaldesign.com\/testsite\/wp-content\/uploads\/2025\/03\/Telki-1024x576.jpg 1024w, https:\/\/archibaldesign.com\/testsite\/wp-content\/uploads\/2025\/03\/Telki-768x432.jpg 768w, https:\/\/archibaldesign.com\/testsite\/wp-content\/uploads\/2025\/03\/Telki-1536x864.jpg 1536w\" sizes=\"(max-width: 1920px) 100vw, 1920px\" \/><\/a><figcaption class=\"wp-element-caption\"><strong><a href=\"https:\/\/archibaldesign.com\/testsite\/2025\/04\/07\/telki\/\" target=\"_blank\" rel=\"noreferrer noopener\">Telki<\/a><\/strong><\/figcaption><\/figure>\n\n\n\n<figure class=\"wp-block-image size-full\"><a href=\"https:\/\/archibaldesign.com\/testsite\/2025\/04\/07\/lombterasz\/\" target=\"_blank\" rel=\" noreferrer noopener\"><img loading=\"lazy\" decoding=\"async\" width=\"2048\" height=\"1153\" data-id=\"499\" src=\"http:\/\/archibaldesign.com\/testsite\/wp-content\/uploads\/2025\/03\/lonbterasz2.jpg\" alt=\"\" class=\"wp-image-499\" srcset=\"https:\/\/archibaldesign.com\/testsite\/wp-content\/uploads\/2025\/03\/lonbterasz2.jpg 2048w, https:\/\/archibaldesign.com\/testsite\/wp-content\/uploads\/2025\/03\/lonbterasz2-300x169.jpg 300w, https:\/\/archibaldesign.com\/testsite\/wp-content\/uploads\/2025\/03\/lonbterasz2-1024x577.jpg 1024w, https:\/\/archibaldesign.com\/testsite\/wp-content\/uploads\/2025\/03\/lonbterasz2-768x432.jpg 768w, https:\/\/archibaldesign.com\/testsite\/wp-content\/uploads\/2025\/03\/lonbterasz2-1536x865.jpg 1536w, https:\/\/archibaldesign.com\/testsite\/wp-content\/uploads\/2025\/03\/lonbterasz2-1920x1080.jpg 1920w\" sizes=\"(max-width: 2048px) 100vw, 2048px\" \/><\/a><figcaption class=\"wp-element-caption\"><strong><a href=\"https:\/\/archibaldesign.com\/testsite\/2025\/04\/07\/lombterasz\/\" target=\"_blank\" rel=\"noreferrer noopener\">Lomb Terasz<\/a><\/strong><\/figcaption><\/figure>\n\n\n\n<figure class=\"wp-block-image size-full\"><a href=\"https:\/\/archibaldesign.com\/testsite\/2025\/04\/07\/miskolc\/\" target=\"_blank\" rel=\" noreferrer noopener\"><img loading=\"lazy\" decoding=\"async\" width=\"1920\" height=\"1080\" data-id=\"509\" src=\"https:\/\/archibaldesign.com\/testsite\/wp-content\/uploads\/2025\/03\/Miskolc2_1.jpg\" alt=\"\" class=\"wp-image-509\" srcset=\"https:\/\/archibaldesign.com\/testsite\/wp-content\/uploads\/2025\/03\/Miskolc2_1.jpg 1920w, https:\/\/archibaldesign.com\/testsite\/wp-content\/uploads\/2025\/03\/Miskolc2_1-300x169.jpg 300w, https:\/\/archibaldesign.com\/testsite\/wp-content\/uploads\/2025\/03\/Miskolc2_1-1024x576.jpg 1024w, https:\/\/archibaldesign.com\/testsite\/wp-content\/uploads\/2025\/03\/Miskolc2_1-768x432.jpg 768w, https:\/\/archibaldesign.com\/testsite\/wp-content\/uploads\/2025\/03\/Miskolc2_1-1536x864.jpg 1536w\" sizes=\"(max-width: 1920px) 100vw, 1920px\" \/><\/a><figcaption class=\"wp-element-caption\"><strong><a href=\"https:\/\/archibaldesign.com\/testsite\/2025\/04\/07\/miskolc\/\" target=\"_blank\" rel=\"noreferrer noopener\">Miskolc<\/a><\/strong><\/figcaption><\/figure>\n\n\n\n<figure class=\"wp-block-image size-full\"><img loading=\"lazy\" decoding=\"async\" width=\"1920\" height=\"1080\" data-id=\"540\" src=\"http:\/\/archibaldesign.com\/testsite\/wp-content\/uploads\/2025\/03\/Verzio-5_2.jpg\" alt=\"\" class=\"wp-image-540\" srcset=\"https:\/\/archibaldesign.com\/testsite\/wp-content\/uploads\/2025\/03\/Verzio-5_2.jpg 1920w, https:\/\/archibaldesign.com\/testsite\/wp-content\/uploads\/2025\/03\/Verzio-5_2-300x169.jpg 300w, https:\/\/archibaldesign.com\/testsite\/wp-content\/uploads\/2025\/03\/Verzio-5_2-1024x576.jpg 1024w, https:\/\/archibaldesign.com\/testsite\/wp-content\/uploads\/2025\/03\/Verzio-5_2-768x432.jpg 768w, https:\/\/archibaldesign.com\/testsite\/wp-content\/uploads\/2025\/03\/Verzio-5_2-1536x864.jpg 1536w\" sizes=\"(max-width: 1920px) 100vw, 1920px\" \/><\/figure>\n\n\n\n<figure class=\"wp-block-image size-full\"><a href=\"https:\/\/archibaldesign.com\/testsite\/2025\/04\/07\/dunaharaszti\/\" target=\"_blank\" rel=\" noreferrer noopener\"><img loading=\"lazy\" decoding=\"async\" width=\"1846\" height=\"1020\" data-id=\"476\" src=\"http:\/\/archibaldesign.com\/testsite\/wp-content\/uploads\/2025\/03\/A_1.jpg\" alt=\"\" class=\"wp-image-476\" srcset=\"https:\/\/archibaldesign.com\/testsite\/wp-content\/uploads\/2025\/03\/A_1.jpg 1846w, https:\/\/archibaldesign.com\/testsite\/wp-content\/uploads\/2025\/03\/A_1-300x166.jpg 300w, https:\/\/archibaldesign.com\/testsite\/wp-content\/uploads\/2025\/03\/A_1-1024x566.jpg 1024w, https:\/\/archibaldesign.com\/testsite\/wp-content\/uploads\/2025\/03\/A_1-768x424.jpg 768w, https:\/\/archibaldesign.com\/testsite\/wp-content\/uploads\/2025\/03\/A_1-1536x849.jpg 1536w\" sizes=\"(max-width: 1846px) 100vw, 1846px\" \/><\/a><figcaption class=\"wp-element-caption\"><strong><a href=\"https:\/\/archibaldesign.com\/testsite\/2025\/04\/07\/dunaharaszti\/\" target=\"_blank\" rel=\"noreferrer noopener\">Dunaharaszti<\/a><\/strong><\/figcaption><\/figure>\n\n\n\n<figure class=\"wp-block-image size-full\"><a href=\"https:\/\/archibaldesign.com\/testsite\/2025\/04\/07\/besnyo\/\" target=\"_blank\" rel=\" noreferrer noopener\"><img loading=\"lazy\" decoding=\"async\" width=\"1920\" height=\"1080\" data-id=\"491\" src=\"https:\/\/archibaldesign.com\/testsite\/wp-content\/uploads\/2025\/03\/Latvany_4.jpg\" alt=\"\" class=\"wp-image-491\" srcset=\"https:\/\/archibaldesign.com\/testsite\/wp-content\/uploads\/2025\/03\/Latvany_4.jpg 1920w, https:\/\/archibaldesign.com\/testsite\/wp-content\/uploads\/2025\/03\/Latvany_4-300x169.jpg 300w, https:\/\/archibaldesign.com\/testsite\/wp-content\/uploads\/2025\/03\/Latvany_4-1024x576.jpg 1024w, https:\/\/archibaldesign.com\/testsite\/wp-content\/uploads\/2025\/03\/Latvany_4-768x432.jpg 768w, https:\/\/archibaldesign.com\/testsite\/wp-content\/uploads\/2025\/03\/Latvany_4-1536x864.jpg 1536w\" sizes=\"(max-width: 1920px) 100vw, 1920px\" \/><\/a><figcaption class=\"wp-element-caption\"><strong><strong><a href=\"https:\/\/archibaldesign.com\/testsite\/2025\/04\/07\/besnyo\/\" target=\"_blank\" rel=\"noreferrer noopener\">Besny\u0151<\/a><\/strong><\/strong><\/figcaption><\/figure>\n\n\n\n<figure class=\"wp-block-image size-full\"><a href=\"https:\/\/archibaldesign.com\/testsite\/2025\/04\/07\/kecskemet\/\" target=\"_blank\" rel=\" noreferrer noopener\"><img loading=\"lazy\" decoding=\"async\" width=\"1920\" height=\"1080\" data-id=\"488\" src=\"https:\/\/archibaldesign.com\/testsite\/wp-content\/uploads\/2025\/03\/Kecskemet.jpg\" alt=\"\" class=\"wp-image-488\" srcset=\"https:\/\/archibaldesign.com\/testsite\/wp-content\/uploads\/2025\/03\/Kecskemet.jpg 1920w, https:\/\/archibaldesign.com\/testsite\/wp-content\/uploads\/2025\/03\/Kecskemet-300x169.jpg 300w, https:\/\/archibaldesign.com\/testsite\/wp-content\/uploads\/2025\/03\/Kecskemet-1024x576.jpg 1024w, https:\/\/archibaldesign.com\/testsite\/wp-content\/uploads\/2025\/03\/Kecskemet-768x432.jpg 768w, https:\/\/archibaldesign.com\/testsite\/wp-content\/uploads\/2025\/03\/Kecskemet-1536x864.jpg 1536w\" sizes=\"(max-width: 1920px) 100vw, 1920px\" \/><\/a><figcaption class=\"wp-element-caption\"><strong><strong><a href=\"https:\/\/archibaldesign.com\/testsite\/2025\/04\/07\/kecskemet\/\" target=\"_blank\" rel=\"noreferrer noopener\">Kecskem\u00e9t<\/a><\/strong><\/strong><\/figcaption><\/figure>\n\n\n\n<figure class=\"wp-block-image size-full\"><img loading=\"lazy\" decoding=\"async\" width=\"1920\" height=\"1080\" data-id=\"507\" src=\"http:\/\/archibaldesign.com\/testsite\/wp-content\/uploads\/2025\/03\/Miskolc1.jpg\" alt=\"\" class=\"wp-image-507\" srcset=\"https:\/\/archibaldesign.com\/testsite\/wp-content\/uploads\/2025\/03\/Miskolc1.jpg 1920w, https:\/\/archibaldesign.com\/testsite\/wp-content\/uploads\/2025\/03\/Miskolc1-300x169.jpg 300w, https:\/\/archibaldesign.com\/testsite\/wp-content\/uploads\/2025\/03\/Miskolc1-1024x576.jpg 1024w, https:\/\/archibaldesign.com\/testsite\/wp-content\/uploads\/2025\/03\/Miskolc1-768x432.jpg 768w, https:\/\/archibaldesign.com\/testsite\/wp-content\/uploads\/2025\/03\/Miskolc1-1536x864.jpg 1536w\" sizes=\"(max-width: 1920px) 100vw, 1920px\" \/><figcaption class=\"wp-element-caption\"><strong><strong><em><a href=\"https:\/\/archibaldesign.com\/2022\/04\/03\/miskolcc\/\">Kecskem\u00e9t<\/a><\/em><\/strong><\/strong><\/figcaption><\/figure>\n\n\n\n<figure class=\"wp-block-image size-full\"><a href=\"https:\/\/archibaldesign.com\/testsite\/2025\/04\/05\/szigetbecse\/\" target=\"_blank\" rel=\" noreferrer noopener\"><img loading=\"lazy\" decoding=\"async\" width=\"1920\" height=\"1080\" data-id=\"515\" src=\"http:\/\/archibaldesign.com\/testsite\/wp-content\/uploads\/2025\/03\/Szigetbecse.jpg\" alt=\"\" class=\"wp-image-515\" srcset=\"https:\/\/archibaldesign.com\/testsite\/wp-content\/uploads\/2025\/03\/Szigetbecse.jpg 1920w, https:\/\/archibaldesign.com\/testsite\/wp-content\/uploads\/2025\/03\/Szigetbecse-300x169.jpg 300w, https:\/\/archibaldesign.com\/testsite\/wp-content\/uploads\/2025\/03\/Szigetbecse-1024x576.jpg 1024w, https:\/\/archibaldesign.com\/testsite\/wp-content\/uploads\/2025\/03\/Szigetbecse-768x432.jpg 768w, https:\/\/archibaldesign.com\/testsite\/wp-content\/uploads\/2025\/03\/Szigetbecse-1536x864.jpg 1536w\" sizes=\"(max-width: 1920px) 100vw, 1920px\" \/><\/a><figcaption class=\"wp-element-caption\"><a href=\"https:\/\/archibaldesign.com\/testsite\/2025\/04\/05\/szigetbecse\/\" target=\"_blank\" rel=\"noreferrer noopener\">Szigetbecse<\/a><\/figcaption><\/figure>\n\n\n\n<figure class=\"wp-block-image size-full\"><a href=\"https:\/\/archibaldesign.com\/testsite\/2025\/04\/07\/diosd\/\" target=\"_blank\" rel=\" noreferrer noopener\"><img loading=\"lazy\" decoding=\"async\" width=\"1920\" height=\"1080\" data-id=\"480\" src=\"http:\/\/archibaldesign.com\/testsite\/wp-content\/uploads\/2025\/03\/Diosd.jpg\" alt=\"\" class=\"wp-image-480\" srcset=\"https:\/\/archibaldesign.com\/testsite\/wp-content\/uploads\/2025\/03\/Diosd.jpg 1920w, https:\/\/archibaldesign.com\/testsite\/wp-content\/uploads\/2025\/03\/Diosd-300x169.jpg 300w, https:\/\/archibaldesign.com\/testsite\/wp-content\/uploads\/2025\/03\/Diosd-1024x576.jpg 1024w, https:\/\/archibaldesign.com\/testsite\/wp-content\/uploads\/2025\/03\/Diosd-768x432.jpg 768w, https:\/\/archibaldesign.com\/testsite\/wp-content\/uploads\/2025\/03\/Diosd-1536x864.jpg 1536w\" sizes=\"(max-width: 1920px) 100vw, 1920px\" \/><\/a><figcaption class=\"wp-element-caption\"><strong><strong><a href=\"https:\/\/archibaldesign.com\/testsite\/2025\/04\/07\/diosd\/\" target=\"_blank\" rel=\"noreferrer noopener\">Di\u00f3sd<\/a><\/strong><\/strong><\/figcaption><\/figure>\n\n\n\n<figure class=\"wp-block-image size-full\"><a href=\"https:\/\/archibaldesign.com\/testsite\/2025\/04\/07\/godollo\/\" target=\"_blank\" rel=\" noreferrer noopener\"><img loading=\"lazy\" decoding=\"async\" width=\"1920\" height=\"1080\" data-id=\"485\" src=\"http:\/\/archibaldesign.com\/testsite\/wp-content\/uploads\/2025\/03\/godollo.jpg\" alt=\"\" class=\"wp-image-485\" srcset=\"https:\/\/archibaldesign.com\/testsite\/wp-content\/uploads\/2025\/03\/godollo.jpg 1920w, https:\/\/archibaldesign.com\/testsite\/wp-content\/uploads\/2025\/03\/godollo-300x169.jpg 300w, https:\/\/archibaldesign.com\/testsite\/wp-content\/uploads\/2025\/03\/godollo-1024x576.jpg 1024w, https:\/\/archibaldesign.com\/testsite\/wp-content\/uploads\/2025\/03\/godollo-768x432.jpg 768w, https:\/\/archibaldesign.com\/testsite\/wp-content\/uploads\/2025\/03\/godollo-1536x864.jpg 1536w\" sizes=\"(max-width: 1920px) 100vw, 1920px\" \/><\/a><figcaption class=\"wp-element-caption\"><strong><a href=\"https:\/\/archibaldesign.com\/testsite\/2025\/04\/07\/godollo\/\" target=\"_blank\" rel=\"noreferrer noopener\">G\u00f6d\u00f6ll\u0151<\/a><\/strong><\/figcaption><\/figure>\n<\/figure>\n\n\n\n<div style=\"height:100px\" aria-hidden=\"true\" class=\"wp-block-spacer\"><\/div>\n\n\n\n<p class=\"has-text-align-center\">Copyright <strong><a href=\"https:\/\/archibaldesign.com\/testsite\/\" target=\"_blank\" rel=\"noreferrer noopener\">\u00a9Archibal Design 2025 <\/a><\/strong>All Right Reserved<\/p>\n","protected":false},"excerpt":{"rendered":"<p> <span class=\"read-more\"><a class=\"more-link btn btn-transparent\" href=\"https:\/\/archibaldesign.com\/testsite\/gallery\/\">Read More<\/a><\/span><\/p>\n","protected":false},"author":1,"featured_media":480,"parent":0,"menu_order":0,"comment_status":"closed","ping_status":"closed","template":"","meta":{"footnotes":""},"class_list":["post-106","page","type-page","status-publish","has-post-thumbnail","hentry"],"jetpack_sharing_enabled":true,"_links":{"self":[{"href":"https:\/\/archibaldesign.com\/testsite\/wp-json\/wp\/v2\/pages\/106","targetHints":{"allow":["GET"]}}],"collection":[{"href":"https:\/\/archibaldesign.com\/testsite\/wp-json\/wp\/v2\/pages"}],"about":[{"href":"https:\/\/archibaldesign.com\/testsite\/wp-json\/wp\/v2\/types\/page"}],"author":[{"embeddable":true,"href":"https:\/\/archibaldesign.com\/testsite\/wp-json\/wp\/v2\/users\/1"}],"replies":[{"embeddable":true,"href":"https:\/\/archibaldesign.com\/testsite\/wp-json\/wp\/v2\/comments?post=106"}],"version-history":[{"count":44,"href":"https:\/\/archibaldesign.com\/testsite\/wp-json\/wp\/v2\/pages\/106\/revisions"}],"predecessor-version":[{"id":1266,"href":"https:\/\/archibaldesign.com\/testsite\/wp-json\/wp\/v2\/pages\/106\/revisions\/1266"}],"wp:featuredmedia":[{"embeddable":true,"href":"https:\/\/archibaldesign.com\/testsite\/wp-json\/wp\/v2\/media\/480"}],"wp:attachment":[{"href":"https:\/\/archibaldesign.com\/testsite\/wp-json\/wp\/v2\/media?parent=106"}],"curies":[{"name":"wp","href":"https:\/\/api.w.org\/{rel}","templated":true}]}}